{"id":436,"date":"2017-10-02T15:05:37","date_gmt":"2017-10-02T15:05:37","guid":{"rendered":"http:\/\/www.dishekimiguraypala.com\/?page_id=436"},"modified":"2017-10-02T15:05:37","modified_gmt":"2017-10-02T15:05:37","slug":"sabit-protez","status":"publish","type":"page","link":"https:\/\/dishekimiguraypala.com\/index.php\/sabit-protez\/","title":{"rendered":"Sabit Protez"},"content":{"rendered":"<p>[vc_row type=&#8221;container&#8221; padding_top=&#8221;&#8221; padding_bottom=&#8221;&#8221;][vc_column width=&#8221;2\/3&#8243;][vc_column_text]<\/p>\n<div align=\"justify\">\n<strong><span style=\"color: #ff950e;\">MERAL DESTEKL\u0130 SAB\u0130T PORSELEN<\/span><\/strong><br \/>\nPorselen metal destekli kaplamalar \u00e7\u00fcr\u00fcm\u00fc\u015f hasar g\u00f6rm\u00fc\u015f di\u015flerde yeniden di\u015f formu kazand\u0131rmak i\u00e7in kullan\u0131lan sabit protezlerdir. Metal destekli porselenlerde \u0131s\u0131rma kuvvetini kar\u015f\u0131layabilmek i\u00e7in metal destekli krom yada nikel ya da alt\u0131ndan yap\u0131lan metaller kullan\u0131lmaktad\u0131r. Arka b\u00f6lgedeki di\u015flerde meydana gelen \u00e7\u00fcr\u00fcklerde ve k\u0131r\u0131lmalarda ya da di\u015f \u00e7ekimlerinde genellikle kaplama implant \u00fczerine de metal destekli porselen kaplamalar uygulanmaktad\u0131r. Arka b\u00f6lgede metal destekli kaplamalar\u0131n uygulanmas\u0131n\u0131n en b\u00fcy\u00fck nedenlerinden birisi kuvveti \u00e7ok iyi kar\u015f\u0131lamas\u0131 ve olduk\u00e7a diren\u00e7li olmas\u0131d\u0131r. Kuvveti \u00e7ok iyi kar\u015f\u0131lad\u0131klar\u0131ndan dolay\u0131 genellikle kanal tedavisi sonras\u0131 k\u0131r\u0131lm\u0131\u015f olan di\u015flere ya da b\u00fcy\u00fck dolgular sonras\u0131nda hasar g\u00f6rm\u00fc\u015f ve sonu\u00e7 olarak k\u0131r\u0131lm\u0131\u015f olan di\u015flere par\u00e7alar\u0131 bir arada tutabilmek ama\u00e7l\u0131 olarak gerekli olan d\u00fczenlemeler yap\u0131ld\u0131ktan sonra metal destekli kaplamalar\u0131n yap\u0131lmas\u0131 genellikle uygun g\u00f6r\u00fclmektedir.\n<\/div>\n<p>[\/vc_column_text][\/vc_column][vc_column width=&#8221;1\/3&#8243;][vc_single_image image=&#8221;604&#8243; img_size=&#8221;full&#8221;][\/vc_column][\/vc_row]<\/p>\n","protected":false},"excerpt":{"rendered":"<p>[vc_row type=&#8221;container&#8221; padding_top=&#8221;&#8221; padding_bottom=&#8221;&#8221;][vc_column width=&#8221;2\/3&#8243;][vc_column_text] MERAL DESTEKL\u0130 SAB\u0130T PORSELEN Porselen metal destekli kaplamalar \u00e7\u00fcr\u00fcm\u00fc\u015f hasar g\u00f6rm\u00fc\u015f di\u015flerde yeniden di\u015f formu kazand\u0131rmak i\u00e7in kullan\u0131lan sabit protezlerdir. Metal destekli porselenlerde \u0131s\u0131rma kuvvetini kar\u015f\u0131layabilmek i\u00e7in metal destekli krom yada nikel ya da alt\u0131ndan yap\u0131lan metaller kullan\u0131lmaktad\u0131r. Arka b\u00f6lgedeki di\u015flerde meydana gelen \u00e7\u00fcr\u00fcklerde ve k\u0131r\u0131lmalarda ya da di\u015f \u00e7ekimlerinde [&hellip;]<\/p>\n","protected":false},"author":1,"featured_media":0,"parent":0,"menu_order":0,"comment_status":"closed","ping_status":"closed","template":"","meta":{"footnotes":""},"class_list":["post-436","page","type-page","status-publish","hentry"],"_links":{"self":[{"href":"https:\/\/dishekimiguraypala.com\/index.php\/wp-json\/wp\/v2\/pages\/436","targetHints":{"allow":["GET"]}}],"collection":[{"href":"https:\/\/dishekimiguraypala.com\/index.php\/wp-json\/wp\/v2\/pages"}],"about":[{"href":"https:\/\/dishekimiguraypala.com\/index.php\/wp-json\/wp\/v2\/types\/page"}],"author":[{"embeddable":true,"href":"https:\/\/dishekimiguraypala.com\/index.php\/wp-json\/wp\/v2\/users\/1"}],"replies":[{"embeddable":true,"href":"https:\/\/dishekimiguraypala.com\/index.php\/wp-json\/wp\/v2\/comments?post=436"}],"version-history":[{"count":0,"href":"https:\/\/dishekimiguraypala.com\/index.php\/wp-json\/wp\/v2\/pages\/436\/revisions"}],"wp:attachment":[{"href":"https:\/\/dishekimiguraypala.com\/index.php\/wp-json\/wp\/v2\/media?parent=436"}],"curies":[{"name":"wp","href":"https:\/\/api.w.org\/{rel}","templated":true}]}}