{"id":380,"date":"2016-10-06T16:20:13","date_gmt":"2016-10-06T16:20:13","guid":{"rendered":"http:\/\/plethorathemes.com\/healthflex\/dentist\/?page_id=320"},"modified":"2022-08-29T14:40:52","modified_gmt":"2022-08-29T14:40:52","slug":"home-2","status":"publish","type":"page","link":"https:\/\/dishekimiguraypala.com\/","title":{"rendered":"Anasayfa"},"content":{"rendered":"<p>[vc_row full_width=&#8221;0&#8243; full_height=&#8221;0&#8243; row_padding=&#8221;no_padding&#8221; cols_padding=&#8221;no_cols_padding&#8221; elevate=&#8221;elevate&#8221; background=&#8221;transparent&#8221; el_class=&#8221;disabled_folded_section&#8221;][vc_column width=&#8221;1\/4&#8243; color_set=&#8221;skincolored_section&#8221; background=&#8221;transparent&#8221; offset=&#8221;vc_col-xs-6&#8243; css=&#8221;.vc_custom_1472837635853{background-color: #499aa2 !important;}&#8221;]<!-- ========================== TEASER BOX ==========================-->\n<div class=\"teaser_box wpb_content_element text-center  transparent boxed same_height_col  with_button    \">\n\n  <div class=\"figure transparent\">\n\n\n      <a href=\"http:\/\/www.dishekimiguraypala.com\/index.php\/dis-beyazlatma\/\" debug title=\"\" target=\"\"> \n\n        \n        \n        \n         <img decoding=\"async\" src=\"https:\/\/dishekimiguraypala.com\/wp-content\/uploads\/2016\/09\/TeaserIcon-Preventative.png\" alt=\"Di\u015f Beyazlatma\">   \n\n        \n\n    <\/a>\n\n  <\/div>\n\n\n\n  <div class=\"content text-center   with_button \">\n    \n    <div class=\"hgroup\">\n       <h4 class=\"neutralize_links\">\n       Di\u015f Beyazlatma\n       <\/h4>\n      \n    <\/div>\n\n    \n\n    <div class=\"link centered\">\n        <a href=\"http:\/\/www.dishekimiguraypala.com\/index.php\/dis-beyazlatma\/\"  target=\"\" class=\"btn btn-xs btn-secondary\"><strong>Detayl\u0131 Bilgi<\/strong><\/a>\n    <\/div>\n\n  <\/div>\n\n<\/div>\n\n<!-- END======================= TEASER BOX ==========================-->[\/vc_column][vc_column width=&#8221;1\/4&#8243; color_set=&#8221;skincolored_section&#8221; background=&#8221;transparent&#8221; offset=&#8221;vc_col-xs-6&#8243; css=&#8221;.vc_custom_1472837159126{background-color: #59abb3 !important;}&#8221;]<!-- ========================== TEASER BOX ==========================-->\n<div class=\"teaser_box wpb_content_element text-center  transparent boxed same_height_col  with_button    \">\n\n  <div class=\"figure transparent\">\n\n\n      <a href=\"http:\/\/www.dishekimiguraypala.com\/index.php\/implant\/\" debug title=\"\" target=\"\"> \n\n        \n        \n        \n         <img decoding=\"async\" src=\"https:\/\/dishekimiguraypala.com\/wp-content\/uploads\/2016\/09\/TeaserIcon-Restorative.png\" alt=\"\u0130mplant Tedavisi\">   \n\n        \n\n    <\/a>\n\n  <\/div>\n\n\n\n  <div class=\"content text-center   with_button \">\n    \n    <div class=\"hgroup\">\n       <h4 class=\"neutralize_links\">\n       \u0130mplant Tedavisi\n       <\/h4>\n      \n    <\/div>\n\n    \n\n    <div class=\"link centered\">\n        <a href=\"http:\/\/www.dishekimiguraypala.com\/index.php\/implant\/\"  target=\"\" class=\"btn btn-xs btn-secondary\"><strong>Detayl\u0131 Bilgi<\/strong><\/a>\n    <\/div>\n\n  <\/div>\n\n<\/div>\n\n<!-- END======================= TEASER BOX ==========================-->[\/vc_column][vc_column width=&#8221;1\/4&#8243; color_set=&#8221;skincolored_section&#8221; offset=&#8221;vc_col-xs-6&#8243; css=&#8221;.vc_custom_1472837642396{background-color: #499aa2 !important;}&#8221;]<!-- ========================== TEASER BOX ==========================-->\n<div class=\"teaser_box wpb_content_element text-center  transparent boxed same_height_col  with_button    \">\n\n  <div class=\"figure transparent\">\n\n\n      <a href=\"http:\/\/www.dishekimiguraypala.com\/index.php\/tedavi\/\" debug title=\"\" target=\"\"> \n\n        \n        \n        \n         <img decoding=\"async\" src=\"https:\/\/dishekimiguraypala.com\/wp-content\/uploads\/2016\/09\/TeaserIcon-Periontodology.png\" alt=\"Estetik Dolgu\">   \n\n        \n\n    <\/a>\n\n  <\/div>\n\n\n\n  <div class=\"content text-center   with_button \">\n    \n    <div class=\"hgroup\">\n       <h4 class=\"neutralize_links\">\n       Estetik Dolgu\n       <\/h4>\n      \n    <\/div>\n\n    \n\n    <div class=\"link centered\">\n        <a href=\"http:\/\/www.dishekimiguraypala.com\/index.php\/tedavi\/\"  target=\"\" class=\"btn btn-xs btn-secondary\"><strong>Detayl\u0131 Bilgi<\/strong><\/a>\n    <\/div>\n\n  <\/div>\n\n<\/div>\n\n<!-- END======================= TEASER BOX ==========================-->[\/vc_column][vc_column width=&#8221;1\/4&#8243; color_set=&#8221;skincolored_section&#8221; background=&#8221;transparent&#8221; offset=&#8221;vc_col-xs-6&#8243; css=&#8221;.vc_custom_1472837166832{background-color: #59abb3 !important;}&#8221;]<!-- ========================== TEASER BOX ==========================-->\n<div class=\"teaser_box wpb_content_element text-center  transparent boxed same_height_col  with_button    \">\n\n  <div class=\"figure transparent\">\n\n\n      <a href=\"http:\/\/www.dishekimiguraypala.com\/index.php\/ortodonti\/\" debug title=\"\" target=\"\"> \n\n        \n        \n        \n         <img decoding=\"async\" src=\"https:\/\/dishekimiguraypala.com\/wp-content\/uploads\/2016\/09\/TeaserIcon-Othrodontic.png\" alt=\"Ortodonti Tedavisi\">   \n\n        \n\n    <\/a>\n\n  <\/div>\n\n\n\n  <div class=\"content text-center   with_button \">\n    \n    <div class=\"hgroup\">\n       <h4 class=\"neutralize_links\">\n       Ortodonti Tedavisi\n       <\/h4>\n      \n    <\/div>\n\n    \n\n    <div class=\"link centered\">\n        <a href=\"http:\/\/www.dishekimiguraypala.com\/index.php\/ortodonti\/\"  target=\"\" class=\"btn btn-xs btn-secondary\"><strong>Detayl\u0131 Bilgi<\/strong><\/a>\n    <\/div>\n\n  <\/div>\n\n<\/div>\n\n<!-- END======================= TEASER BOX ==========================-->[\/vc_column][\/vc_row][vc_row full_width=&#8221;0&#8243; full_height=&#8221;0&#8243; row_padding=&#8221;no_padding&#8221; sep_bottom=&#8221;separator_bottom sep_angled_negative_bottom&#8221; particles=&#8221;0&#8243;][vc_column]<div class=\"section_header subtitle_bottom   fancy text-left\">\n\n    <h2>Di\u015f Klini\u011fimize Ho\u015f geldiniz.<\/h2>\n\n\n        <p >G\u00fcler Y\u00fczl\u00fc ve Hasta ili\u015fkilerine \u00f6nem veren bir klinik kurduk.<\/p>\n<\/div>[\/vc_column][vc_column width=&#8221;2\/3&#8243; heading_align=&#8221;text-center&#8221; align=&#8221;text-left&#8221; margin=&#8221;margin_bottom_grid&#8221;][vc_column_text]Uzman doktorlar\u0131m\u0131z ve bak\u0131m veren klinik personel size ola\u011fan\u00fcst\u00fc bir sa\u011fl\u0131k hizmeti deneyimi sunmaktad\u0131r.[\/vc_column_text][vc_text_separator title=&#8221;MODERN TIBB\u0130 C\u0130HAZLAR&#8221; title_align=&#8221;separator_align_left&#8221; align=&#8221;align_right&#8221; color=&#8221;black&#8221;][vc_column_text]G\u00fcray Pala Muayenesinde , di\u015f hekimli\u011fi alan\u0131nda mevcut olan en \u00fcst d\u00fczey teknolojiyle tam donan\u0131ml\u0131d\u0131r.<br \/>\nTesislerimizde mevcut teknolojilerin bir listesi:<br \/>\n<strong>Dijital r\u00f6ntgen<\/strong><br \/>\nDijital Radyografi radyasyonu% 90 oran\u0131nda azalt\u0131r<br \/>\n<strong>\u0130ntra Oral Kamera<\/strong><br \/>\nDental foto\u011fraf\u00e7\u0131l\u0131\u011f\u0131n en \u00fcst d\u00fczeyi<br \/>\n<strong>Panoromik Film<\/strong><br \/>\nHastan\u0131n detayl\u0131 \u00e7ene filmi[\/vc_column_text]<div class=\"plethora_button wpb_content_element   text-left \">\n    <a href=\"http:\/\/www.dishekimiguraypala.com\/index.php\/our-clinic\/\" debug class=\" btn btn-default with-icon icon-left\" title=\"\"  target=\"_self\">\n\n         <i class=\"fa fa-hospital-o\"><\/i> \n        Klini\u011fi G\u00f6r\n        \n\n    <\/a>\n<\/div>[\/vc_column][vc_column width=&#8221;1\/3&#8243; align=&#8221;text-left&#8221;]<!-- ========================== TEASER BOX ==========================-->\n<div class=\"teaser_box wpb_content_element text-center  skincolored_section    with_button    \">\n\n  <div class=\"figure \">\n\n\n      <a href=\"http:\/\/www.dishekimiguraypala.com\/index.php\/iletisim\/\" debug title=\"\" target=\"\"> \n\n        \n         <div class=\"figure  stretchy_wrapper ratio_16-9\" style=\"background-image:url('https:\/\/dishekimiguraypala.com\/wp-content\/uploads\/2022\/08\/guraypalagaziemirdisdoktoru.png')\"><\/div> \n        \n          \n\n        \n\n    <\/a>\n\n  <\/div>\n\n\n\n  <div class=\"content text-center boxed  with_button \">\n    \n    <div class=\"hgroup\">\n       <h4 class=\"neutralize_links\">\n       G\u00fcray PALA\n       <\/h4>\n       <p>Di\u015f Hekimi<\/p> \n    <\/div>\n\n    \n\n    <div class=\"link centered\">\n        <a href=\"http:\/\/www.dishekimiguraypala.com\/index.php\/iletisim\/\"  target=\"\" class=\"btn btn-xs btn-secondary\"><strong>\u0130LET\u0130S\u0130M<\/strong><\/a>\n    <\/div>\n\n  <\/div>\n\n<\/div>\n\n<!-- END======================= TEASER BOX ==========================-->[\/vc_column][vc_column][vc_empty_space][\/vc_column][\/vc_row][vc_row color_set=&#8221;secondary_section&#8221; full_width=&#8221;0&#8243; full_height=&#8221;0&#8243; row_padding=&#8221;no_bottom_padding&#8221; sep_bottom=&#8221;separator_bottom sep_angled_positive_bottom&#8221; particles=&#8221;0&#8243;][vc_column]<div class=\"section_header subtitle_bottom   fancy text-left\">\n\n    <h2>Sa\u011fl\u0131kl\u0131 G\u00fcl\u00fc\u015fler..<\/h2>\n\n\n        <p >T\u00fcm di\u015f problemlerinizin giderilmesine yard\u0131mc\u0131 oluyoruz.<\/p>\n<\/div>[\/vc_column][vc_column heading_align=&#8221;text-center&#8221; align=&#8221;text-left&#8221; margin=&#8221;margin_bottom_grid&#8221; offset=&#8221;vc_col-md-8&#8243;][vc_media_grid element_width=&#8221;6&#8243; item=&#8221;231&#8243; grid_id=&#8221;vc_gid:1661783993031-40aaa279-2d21-4&#8243; include=&#8221;738,739,740,741&#8243;][\/vc_column][vc_column align=&#8221;text-left&#8221; offset=&#8221;vc_col-md-4&#8243;][vc_text_separator title=&#8221;\u00c7al\u0131\u015fma Saatleri&#8221; title_align=&#8221;separator_align_left&#8221; align=&#8221;align_right&#8221; color=&#8221;black&#8221; el_class=&#8221;x_bold&#8221;][vc_column_text]<\/p>\n<div class=\"timetable\">\n<table class=\"timetable_hours\">\n<tbody>\n<tr>\n<td>PAZARTES\u0130<\/td>\n<td>09:00-19:00<\/td>\n<\/tr>\n<tr>\n<td>SALI<\/td>\n<td>09:00-19:00<\/td>\n<\/tr>\n<tr>\n<td>\u00c7AR\u015eAMBA<\/td>\n<td>09:00-19:00<\/td>\n<\/tr>\n<tr>\n<td>PER\u015eEMBE<\/td>\n<td>09:00-19:00<\/td>\n<\/tr>\n<tr>\n<td>CUMA<\/td>\n<td>09:00-19:00<\/td>\n<\/tr>\n<tr>\n<td>CUMARTES\u0130<\/td>\n<td>09:00-13:00<\/td>\n<\/tr>\n<tr>\n<td>PAZAR<\/td>\n<td>KAPALI<\/td>\n<\/tr>\n<\/tbody>\n<\/table>\n<\/div>\n<p>[\/vc_column_text][vc_empty_space height=&#8221;16px&#8221;][vc_text_separator title=&#8221;MODERN EK\u0130PMANLAR&#8221; title_align=&#8221;separator_align_left&#8221; align=&#8221;align_right&#8221; color=&#8221;black&#8221;][vc_column_text]Ki\u015fiselle\u015ftirilmi\u015f hasta bak\u0131m\u0131, Gaziemir&#8217;de Klini\u011fimizi \u00a0ziyaret etti\u011finizde, d\u00fcnya standartlar\u0131nda bak\u0131m almay\u0131 bekleyebilirsiniz. Uzman doktor ve bak\u0131m veren klinik personeli, Di\u015f Hekimi G\u00fcray PALA sa\u011fl\u0131k bak\u0131m deneyimini belirleyen \u015feyin ola\u011fan\u00fcst\u00fc bir hasta bak\u0131m\u0131 sunmas\u0131n\u0131 sa\u011flar.[\/vc_column_text][vc_empty_space height=&#8221;15px&#8221;]<div class=\"plethora_button wpb_content_element   text-center btn_block\">\n    <a href=\"#\" debug class=\" btn btn-success with-icon icon-left\" title=\"\"  target=\"_self\">\n\n         <i class=\"wmi icon-i-dental\"><\/i> \n        \u0130LET\u0130\u015e\u0130ME GE\u00c7\n        \n\n    <\/a>\n<\/div>[\/vc_column][vc_column][vc_empty_space height=&#8221;20px&#8221;][vc_single_image image=&#8221;77&#8243; alignment=&#8221;center&#8221;][vc_empty_space height=&#8221;24px&#8221;][\/vc_column][\/vc_row][vc_row color_set=&#8221;light_section&#8221; full_width=&#8221;0&#8243; full_height=&#8221;0&#8243; background=&#8221;bgimage&#8221; bgimage=&#8221;661&#8243; parallax=&#8221;0&#8243;][vc_column]<div class=\"section_header subtitle_bottom   fancy text-left\">\n\n    <h2><strong>Bembeyaz bir g\u00fcl\u00fcmseme herkesin hayali<\/strong><\/h2>\n\n\n        <p >\u201c\u0130deal Di\u015f Beyazl\u0131\u011f\u0131na Sahip Olmak Asl\u0131nda Zor De\u011fil\u201d<\/p>\n<\/div>[\/vc_column][vc_column offset=&#8221;vc_col-md-6&#8243;][vc_column_text]Di\u015flerde meydana gelen renklenmeleri di\u015f beyazlatma (bleaching) i\u015flemi ile giderilebilir ve daha beyaz di\u015flere sahip olabilirsiniz. Di\u015f beyazlatma i\u015flemi di\u015f ta\u015f\u0131 temizli\u011fi i\u015flemi sonras\u0131 yap\u0131lan polisaj i\u015fleminden olduk\u00e7a farkl\u0131d\u0131r. Di\u015f beyazlatma i\u015fleminde di\u015fin kendi renk tonu 2-3 ton kadar a\u00e7\u0131labilmektedir. Di\u015f beyazlatma i\u015flemi hekim taraf\u0131ndan ofis ortam\u0131nda uygulanan ofis tipi beyazlatma (ofis bleaching) ve hastadan al\u0131nan \u00f6l\u00e7\u00fclerle hastan\u0131n kendisine verilen \u015feffaf bir plak sayesinde daha d\u00fc\u015f\u00fck oranl\u0131 beyazlatma ajanlar\u0131 i\u00e7eren jellerle hastan\u0131n kendisinin evde uygulayaca\u011f\u0131 ev tipi beyazlatma (home bleaching) olarak uygulanabilir.[\/vc_column_text][vc_text_separator title=&#8221;\u0130ntegratif T\u0131p&#8221; title_align=&#8221;separator_align_left&#8221;][vc_column_text]Zihin, beden ve ruhun bir i\u015flev olarak \u00f6nc\u00fcl\u00fc\u011f\u00fcnden kaynaklanan ve t\u00fcm\u00fcne hitap eden iyile\u015ftirmeyi te\u015fvik eden alternatif terapiler.[\/vc_column_text][\/vc_column][vc_column offset=&#8221;vc_col-md-6&#8243;]<div  class=\"twentytwenty-container  \" data-default_offset_pct=\"0.5\" data-orientation=\"horizontal\">\n    <img decoding=\"async\" src=\"https:\/\/dishekimiguraypala.com\/wp-content\/uploads\/2022\/08\/oncesi.jpg\">\n    <img decoding=\"async\" src=\"https:\/\/dishekimiguraypala.com\/wp-content\/uploads\/2022\/08\/sonrasi.jpg\">\n<\/div>[vc_column_text css=&#8221;.vc_custom_1504653238963{margin-top: 12px !important;}&#8221;]<small>\u00d6nceki ve sonraki foto\u011fraflar\u0131 kar\u015f\u0131la\u015ft\u0131rmak i\u00e7in kayd\u0131r\u0131c\u0131y\u0131 kullan\u0131n<\/small>[\/vc_column_text][\/vc_column][\/vc_row][vc_row color_set=&#8221;dark_section&#8221; full_width=&#8221;0&#8243; full_height=&#8221;0&#8243; row_padding=&#8221;no_padding&#8221; cols_valign=&#8221;vcenter&#8221; sep_bottom=&#8221;separator_bottom sep_angled_positive_bottom&#8221; particles=&#8221;0&#8243;][vc_column][vc_empty_space height=&#8221;80px&#8221;]<div class=\"section_header subtitle_bottom   fancy text-center\">\n\n    <h2 style=\"text-align: center;\">Hastalar\u0131m\u0131z\u0131n Yorumlar\u0131<\/h2>\n\n\n        <p >Yorumlar Google Harita Servislerinden al\u0131nm\u0131\u015ft\u0131r.<\/p>\n<\/div>[\/vc_column][vc_column offset=&#8221;vc_col-md-2&#8243;][\/vc_column][vc_column align=&#8221;text-center&#8221; offset=&#8221;vc_col-md-8&#8243;]<!-- ========================== TESTIMONIALS ==========================-->\n\n    <div class=\"testimonial testimonial-slider  \">\n      <ul class=\"slides\" id=\"57e1639ace947\">\n          <li>\n\t\t\t   <div class=\"jxjCjc\">\n<div class=\"Jtu6Td\">\nDi\u015flerim \u00e7ok bozuktu, daha \u00f6nce fazlas\u0131yla doktorlar\u0131 dola\u015ft\u0131m g\u00fcven duyamad\u0131m ve fiyatlar\u0131 \u00e7ok abart\u0131l\u0131 geldi, daha sonra G\u00fcray hocayla tan\u0131\u015fma F\u0131rsat\u0131 buldum \u00e7ok te\u015fekk\u00fcr ederim 3y\u0131ll\u0131k bir ortodonti tedavisi ald\u0131m \u015fimdi g\u00fclmeyi seviyorum.\n<\/div>\n<\/div>\n\t\t\t<div class=\"name\">\n\t          \t<strong>Harun Ceylan<\/strong> \n\t          \tBilgisayar Yaz\u0131l\u0131mc\u0131s\u0131\n          \t<\/div>\n\n          <\/li>\n          <li>\n\t\t\t   Lorem ipsum dolor sit amet, consectetur adipisicing elit, sed do eiusmod\r\ntempor incididunt ut labore et dolore magna aliqua. Ut enim ad minim veniam,\r\nquis nostrud exercitation ullamco laboris nisi ut aliquip ex ea commodo\r\nconsequat.\n\t\t\t<div class=\"name\">\n\t          \t<strong>Jane Clark<\/strong> \n\t          \tCustomer\n          \t<\/div>\n\n          <\/li>\n          <li>\n\t\t\t   <div class=\"jxjCjc\">\n<div>\n<div class=\"Jtu6Td\">Hizmet &amp; Teknoloji ve Memnuniyetin birle\u015fti\u011fi yer.<\/div>\n<\/div>\n<\/div>\n\t\t\t<div class=\"name\">\n\t          \t<strong>Mehmet Ali \u00c7akmak<\/strong> \n\t          \tAwesome Customer\n          \t<\/div>\n\n          <\/li>\n          <li>\n\t\t\t   Ut enim ad minim veniam,\u00a0quis nostrud exercitation ullamco laboris nisi ut aliquip ex ea commodo\r\nconsequat. Lorem ipsum dolor sit amet, consectetur adipisicing elit, sed do eiusmod\r\ntempor incididunt ut labore et dolore magna aliqua.\n\t\t\t<div class=\"name\">\n\t          \t<strong>John Doe<\/strong> \n\t          \tCustomer\n          \t<\/div>\n\n          <\/li>\n          <li>\n\t\t\t   Ailece \u00e7ok memnunuz titizlik g\u00fcven ve g\u00fcler y\u00fczl\u00fc hizmetiniz i\u00e7in \u00e7ok te\u015fekk\u00fcr ederiz.\n\t\t\t<div class=\"name\">\n\t          \t<strong>Nebahat Han\u0131m<\/strong> \n\t          \t\n          \t<\/div>\n\n          <\/li>\n      <\/ul>\n    <\/div>\n\n<!-- END======================= TESTIMONIALS ==========================-->[\/vc_column][vc_column offset=&#8221;vc_col-md-2&#8243;][\/vc_column][\/vc_row][vc_row color_set=&#8221;light_section&#8221; full_width=&#8221;0&#8243; full_height=&#8221;0&#8243; row_padding=&#8221;no_bottom_padding&#8221; cols_valign=&#8221;vcenter&#8221; sep_bottom=&#8221;separator_bottom sep_angled_positive_bottom&#8221; particles=&#8221;0&#8243;][vc_column]<div class=\"section_header subtitle_bottom   fancy text-center\">\n\n    <h2 style=\"text-align: center;\">Ba\u015far\u0131 &amp;E\u011fitim Sertifikalar\u0131<\/h2>\n\n\n        <p ><\/p>\n<\/div>[\/vc_column][vc_column width=&#8221;1\/6&#8243;][vc_single_image image=&#8221;54&#8243; alignment=&#8221;center&#8221; css_animation=&#8221;top-to-bottom&#8221;][\/vc_column][vc_column width=&#8221;1\/6&#8243;][vc_single_image image=&#8221;55&#8243; alignment=&#8221;center&#8221; css_animation=&#8221;bottom-to-top&#8221;][\/vc_column][vc_column width=&#8221;1\/6&#8243;][vc_single_image image=&#8221;57&#8243; alignment=&#8221;center&#8221; css_animation=&#8221;top-to-bottom&#8221;][\/vc_column][vc_column width=&#8221;1\/6&#8243;][vc_single_image image=&#8221;58&#8243; alignment=&#8221;center&#8221; css_animation=&#8221;bottom-to-top&#8221;][\/vc_column][vc_column width=&#8221;1\/6&#8243;][vc_single_image image=&#8221;59&#8243; alignment=&#8221;center&#8221; css_animation=&#8221;top-to-bottom&#8221;][\/vc_column][vc_column width=&#8221;1\/6&#8243;][vc_single_image image=&#8221;56&#8243; alignment=&#8221;center&#8221; css_animation=&#8221;bottom-to-top&#8221;][\/vc_column][\/vc_row][vc_row color_set=&#8221;secondary_section&#8221; align=&#8221;text-center&#8221; full_width=&#8221;0&#8243; full_height=&#8221;0&#8243; transparent_overlay=&#8221;transparent_film&#8221; background=&#8221;bgimage&#8221; bgimage=&#8221;553&#8243; parallax=&#8221;1&#8243; bgimage_valign=&#8221;bg_vtop&#8221;][vc_column align=&#8221;text-center&#8221;]<div class=\"section_header subtitle_bottom   fancy text-center\">\n\n    <h2>D\u0130\u015e SA\u011eLI\u011eINA \u015e\u0130MD\u0130 KAVU\u015e!<\/h2>\n\n\n        <p ><\/p>\n<\/div><div class=\"plethora_button wpb_content_element   text-center \">\n    <a href=\"http:\/\/www.dishekimiguraypala.com\/index.php\/randevu-al\/\" debug class=\" btn btn-success with-icon icon-left\" title=\"\"  target=\"_blank\">\n\n         <i class=\"fa fa-check\"><\/i> \n        RANDEVU AL\n        \n\n    <\/a>\n<\/div>[\/vc_column][\/vc_row]<\/p>\n","protected":false},"excerpt":{"rendered":"<p>[vc_row full_width=&#8221;0&#8243; full_height=&#8221;0&#8243; row_padding=&#8221;no_padding&#8221; cols_padding=&#8221;no_cols_padding&#8221; elevate=&#8221;elevate&#8221; background=&#8221;transparent&#8221; el_class=&#8221;disabled_folded_section&#8221;][vc_column width=&#8221;1\/4&#8243; color_set=&#8221;skincolored_section&#8221; background=&#8221;transparent&#8221; offset=&#8221;vc_col-xs-6&#8243; css=&#8221;.vc_custom_1472837635853{background-color: #499aa2 !important;}&#8221;][\/vc_column][vc_column width=&#8221;1\/4&#8243; color_set=&#8221;skincolored_section&#8221; background=&#8221;transparent&#8221; offset=&#8221;vc_col-xs-6&#8243; css=&#8221;.vc_custom_1472837159126{background-color: #59abb3 !important;}&#8221;][\/vc_column][vc_column width=&#8221;1\/4&#8243; color_set=&#8221;skincolored_section&#8221; offset=&#8221;vc_col-xs-6&#8243; css=&#8221;.vc_custom_1472837642396{background-color: #499aa2 !important;}&#8221;][\/vc_column][vc_column width=&#8221;1\/4&#8243; color_set=&#8221;skincolored_section&#8221; background=&#8221;transparent&#8221; offset=&#8221;vc_col-xs-6&#8243; css=&#8221;.vc_custom_1472837166832{background-color: #59abb3 !important;}&#8221;][\/vc_column][\/vc_row][vc_row full_width=&#8221;0&#8243; full_height=&#8221;0&#8243; row_padding=&#8221;no_padding&#8221; sep_bottom=&#8221;separator_bottom sep_angled_negative_bottom&#8221; particles=&#8221;0&#8243;][vc_column][\/vc_column][vc_column width=&#8221;2\/3&#8243; heading_align=&#8221;text-center&#8221; align=&#8221;text-left&#8221; margin=&#8221;margin_bottom_grid&#8221;][vc_column_text]Uzman doktorlar\u0131m\u0131z ve bak\u0131m veren klinik personel size ola\u011fan\u00fcst\u00fc bir sa\u011fl\u0131k [&hellip;]<\/p>\n","protected":false},"author":1,"featured_media":0,"parent":0,"menu_order":0,"comment_status":"closed","ping_status":"closed","template":"","meta":{"footnotes":""},"class_list":["post-380","page","type-page","status-publish","hentry"],"_links":{"self":[{"href":"https:\/\/dishekimiguraypala.com\/index.php\/wp-json\/wp\/v2\/pages\/380","targetHints":{"allow":["GET"]}}],"collection":[{"href":"https:\/\/dishekimiguraypala.com\/index.php\/wp-json\/wp\/v2\/pages"}],"about":[{"href":"https:\/\/dishekimiguraypala.com\/index.php\/wp-json\/wp\/v2\/types\/page"}],"author":[{"embeddable":true,"href":"https:\/\/dishekimiguraypala.com\/index.php\/wp-json\/wp\/v2\/users\/1"}],"replies":[{"embeddable":true,"href":"https:\/\/dishekimiguraypala.com\/index.php\/wp-json\/wp\/v2\/comments?post=380"}],"version-history":[{"count":5,"href":"https:\/\/dishekimiguraypala.com\/index.php\/wp-json\/wp\/v2\/pages\/380\/revisions"}],"predecessor-version":[{"id":746,"href":"https:\/\/dishekimiguraypala.com\/index.php\/wp-json\/wp\/v2\/pages\/380\/revisions\/746"}],"wp:attachment":[{"href":"https:\/\/dishekimiguraypala.com\/index.php\/wp-json\/wp\/v2\/media?parent=380"}],"curies":[{"name":"wp","href":"https:\/\/api.w.org\/{rel}","templated":true}]}}